 of 2695?
5, 7, 11
What are the prime factors of 381?
3, 127
What are the prime factors of 1007?
19, 53
What are the prime factors of 12081?
3, 4027
What are the prime factors of 2410?
2, 5, 241
List the prime factors of 50825.
5, 19, 107
List the prime factors of 820.
2, 5, 41
What are the prime factors of 5509?
7, 787
List the prime factors of 7334.
2, 19, 193
What are the prime factors of 1047?
3, 349
List the prime factors of 44793.
3, 7, 79
What are the prime factors of 72138?
2, 3, 11, 1093
List the prime factors of 4981.
17, 293
What are the prime factors of 11349?
3, 13, 97
What are the prime factors of 1095?
3, 5, 73
List the prime factors of 751.
751
What are the prime factors of 22779?
3, 2531
What are the prime factors of 2662?
2, 11
List the prime factors of 1301.
1301
What are the prime factors of 11165?
5, 7, 11, 29
What are the prime factors of 96284?
2, 24071
List the prime factors of 81751.
29, 2819
List the prime factors of 19181.
19181
What are the prime factors of 24488?
2, 3061
List the prime factors of 11119.
11119
What are the prime factors of 49481?
49481
List the prime factors of 32203.
32203
What are the prime factors of 3018?
2, 3, 503
List the prime factors of 3369.
3, 1123
List the prime factors of 842.
2, 421
What are the prime factors of 391?
17, 23
List the prime factors of 23196.
2, 3, 1933
What are the prime factors of 5096?
2, 7, 13
List the prime factors of 54188.
2, 19, 23, 31
What are the prime factors of 3224?
2, 13, 31
List the prime factors of 74428.
2, 23, 809
List the prime factors of 11752.
2, 13, 113
What are the prime factors of 4515?
3, 5, 7, 43
What are the prime factors of 8589?
3, 7, 409
List the prime factors of 42594.
2, 3, 31, 229
What are the prime factors of 887?
887
List the prime factors of 1034.
2, 11, 47
What are the prime factors of 9570?
2, 3, 5, 11, 29
List the prime factors of 3555.
3, 5, 79
What are the prime factors of 365?
5, 73
List the prime factors of 1503.
3, 167
List the prime factors of 1252.
2, 313
What are the prime factors of 12596?
2, 47, 67
What are the prime factors of 23101?
13, 1777
List the prime factors of 11285.
5, 37, 61
What are the prime factors of 1971?
3, 73
List the prime factors of 986.
2, 17, 29
What are the prime factors of 1373?
1373
List the prime factors of 745.
5, 149
What are the prime factors of 467?
467
What are the prime factors of 1314?
2, 3, 73
What are the prime factors of 14697?
3, 23, 71
List the prime factors of 80865.
3, 5, 599
What are the prime factors of 399?
3, 7, 19
What are the prime factors of 1580?
2, 5, 79
What are the prime factors of 3920?
2, 5, 7
What are the prime factors of 16261?
7, 23, 101
List the prime factors of 2566.
2, 1283
List the prime factors of 53931.
3, 17977
List the prime factors of 12737.
47, 271
What are the prime factors of 13674?
2, 3, 43, 53
What are the prime factors of 385?
5, 7, 11
What are the prime factors of 7880?
2, 5, 197
List the prime factors of 757.
757
What are the prime factors of 41303?
103, 401
What are the prime factors of 219?
3, 73
List the prime factors of 4684.
2, 1171
What are the prime factors of 13360?
2, 5, 167
List the prime factors of 9183.
3, 3061
List the prime factors of 11775.
3, 5, 157
What are the prime factors of 401?
401
List the prime factors of 14533.
14533
List the prime factors of 415.
5, 83
List the prime factors of 86269.
86269
List the prime factors of 1839.
3, 613
What are the prime factors of 63223?
17, 3719
List the prime factors of 32092.
2, 71, 113
What are the prime factors of 66092?
2, 13, 31, 41
What are the prime factors of 1950?
2, 3, 5, 13
What are the prime factors of 702?
2, 3, 13
What are the prime factors of 1265?
5, 11, 23
What are the prime factors of 2358?
2, 3, 131
List the prime factors of 541.
541
List the prime factors of 19569.
3, 11, 593
List the prime factors of 110.
2, 5, 11
List the prime factors of 73.
73
List the prime factors of 406.
2, 7, 29
List the prime factors of 4768.
2, 149
List the prime factors of 297.
3, 11
List the prime factors of 6808.
2, 23, 37
List the prime factors of 520.
2, 5, 13
List the prime factors of 7323.
3, 2441
What are the prime factors of 1688?
2, 211
List the prime factors of 26680.
2, 5, 23, 29
List the prime factors of 3441.
3, 31, 37
What are the prime factors of 1634?
2, 19, 43
What are the prime factors of 4922?
2, 23, 107
List the prime factors of 25789.
17, 37, 41
List the prime factors of 21207.
3, 7069
What are the prime factors of 13502?
2, 43, 157
What are the prime factors of 4476?
2, 3, 373
List the prime factors of 1303.
1303
What are the prime factors of 5079?
3, 1693
List the prime factors of 23441.
11, 2131
List the prime factors of 1849.
43
What are the prime factors of 3075?
3, 5, 41
List the prime factors of 1187.
1187
What are the prime factors of 4495?
5, 29, 31
List the prime factors of 4553.
29, 157
What are the prime factors of 40119?
3, 43, 311
What are the prime factors of 38759?
7, 113
What are the prime factors of 61175?
5, 2447
What are the prime factors of 18155?
5, 3631
List the prime factors of 48799.
48799
What are the prime factors of 4392?
2, 3, 61
What are the prime factors of 39726?
2, 3, 2207
What are the prime factors of 763?
7, 109
What are the prime factors of 1912?
2, 239
What are the prime factors of 109691?
229, 479
What are the prime factors of 7894?
2, 3947
List the prime factors of 33822.
2, 3, 1879
What are the prime factors of 91781?
91781
List the prime factors of 19710.
2, 3, 5, 73
List the prime factors of 4452.
2, 3, 7, 53
What are the prime factors of 32608?
2, 1019
What are the prime factors of 3244?
2, 811
List the prime factors of 11797.
47, 251
List the prime factors of 106160.
2, 5, 1327
List the prime factors of 7640.
2, 5, 191
What are the prime factors of 2566?
2, 1283
List the prime factors of 249.
3, 83
List the prime factors of 1047.
3, 349
List the prime factors of 2118.
2, 3, 353
List the prime factors of 1512.
2, 3, 7
What are the prime factors of 3562?
2, 13, 137
What are the prime factors of 1389?
3, 463
List the prime factors of 77191.
77191
List the prime factors of 3071.
37, 83
List the prime factors of 680.
2, 5, 17
List the prime factors of 22792.
2, 7, 11, 37
What are the prime factors of 27237?
3, 7, 1297
List the prime factors of 1734.
2, 3, 17
List the prime factors of 1677.
3, 13, 43
List the prime factors of 32.
2
What are the prime factors of 67151?
7, 53, 181
List the prime factors of 168386.
2, 59, 1427
List the prime factors of 74234.
2, 37117
List the prime factors of 3228.
2, 3, 269
What are the prime factors of 287?
7, 41
List the prime factors of 166991.
11, 17, 19, 47
List the prime factors of 167571.
3, 43, 433
What are the prime factors of 966?
2, 3, 7, 23
What are the prime factors of 3798?
2, 3, 211
What are the prime factors of 2949?
3, 983
List the prime factors of 251.
251
List the prime factors of 400.
2, 5
What are the prime factors of 9815?
5, 13, 151
What are the prime factors of 517?
11, 47
List the prime factors of 2265.
3, 5, 151
What are the prime factors of 5761?
7, 823
List the prime factors of 19604.
2, 13, 29
List the prime factors of 18437.
103, 179
What are the prime factors of 3371?
3371
What are the prime factors of 848?
2, 53
List the prime factors of 19151.
11, 1741
List the prime factors of 9526.
2, 11, 433
List the prime factors of 5288.
2, 661
What are the prime factors of 3864?
2, 3, 7, 23
What are the prime factors of 3872?
2, 11
What are the prime factors of 35?
5, 7
What are the prime factors of 34609?
53, 653
List the prime factors of 288.
2, 3
List the prime factors of 5318.
2, 2659
What are the prime factors of 606?
2, 3, 101
List the prime factors of 19188.
2, 3, 13, 41
What are the prime factors of 1910?
2, 5, 191
What are the prime factors of 19781?
131, 151
List the prime factors of 5174.
2, 13, 199
List the prime factors of 2121.
3, 7, 101
List the prime factors of 11095.
5, 7, 317
List the prime factors of 20315.
5, 17, 239
What are the prime factors of 1550?
2, 5, 31
List the prime factors of 3932.
2, 983
What are the prime factors of 6546?
2, 3, 1091
List the prime factors of 5312.
2, 83
What are the prime factors of 1067?
11, 97
What are the prime factors of 1810?
2, 5